e
Convert 619 (base 12) to base 10.
885
What is 42000 (base 6) in base 7?
22242
Convert -b92 (base 13) to base 4.
-132322
-18884 (base 10) to base 4
-10213010
Convert -12001020 (base 3) to base 2.
-111001011110
Convert -180 (base 13) to base 2.
-100010001
-1100010001101 (base 2) to base 16
-188d
-151 (base 16) to base 4
-11101
-586 (base 16) to base 2
-10110000110
Convert -20394 (base 10) to base 11.
-14360
-10 (base 3) to base 11
-3
489 (base 10) to base 14
26d
Convert 454 (base 12) to base 2.
1010000000
Convert 103534 (base 7) to base 12.
a58a
What is 41a (base 12) in base 7?
1513
What is -775 (base 9) in base 3?
-212112
159 (base 15) to base 14
181
Convert 1211112 (base 6) to base 3.
10020110122
-101110101011 (base 2) to base 13
-148a
8d06 (base 14) to base 9
36548
Convert 121 (base 5) to base 9.
40
596 (base 14) to base 15
4e2
What is 5120 (base 7) in base 8?
3362
Convert 381 (base 10) to base 8.
575
What is 2002210 (base 4) in base 5?
231411
5bb6 (base 12) to base 16
287a
-4546 (base 7) to base 12
-b57
ee (base 16) to base 8
356
What is -6281 (base 9) in base 4?
-1020001
Convert 20110 (base 6) to base 16.
a4a
34155 (base 8) to base 5
430240
1011011011111 (base 2) to base 13
2885
Convert -320332 (base 5) to base 3.
-112200221
465 (base 12) to base 8
1215
4210 (base 5) to base 13
339
-26708 (base 9) to base 8
-43227
-371 (base 10) to base 6
-1415
-100111110111 (base 2) to base 16
-9f7
What is -10560 (base 11) in base 15?
-480c
Convert 111011101 (base 2) to base 8.
735
Convert -11000010 (base 2) to base 7.
-365
Convert 1010 (base 9) to base 11.
611
174637 (base 8) to base 16
f99f
64031 (base 7) to base 5
1001200
Convert -8037 (base 10) to base 6.
-101113
-769 (base 10) to base 3
-1001111
Convert 10946 (base 12) to base 10.
22086
What is -1362 (base 8) in base 11?
-626
-153 (base 10) to base 2
-10011001
-1a50 (base 12) to base 14
-1268
Convert -20233 (base 4) to base 10.
-559
-4500 (base 13) to base 14
-3721
Convert 7 (base 8) to base 3.
21
Convert a58 (base 11) to base 15.
59d
16474 (base 10) to base 9
24534
Convert -22402 (base 6) to base 7.
-12146
Convert 6358 (base 12) to base 14.
3d64
Convert -110010010011011 (base 2) to base 8.
-62233
What is -115 (base 11) in base 4?
-2021
-16203 (base 8) to base 5
-213144
2047 (base 11) to base 10
2713
Convert -48589 (base 10) to base 4.
-23313031
What is 1001000100 (base 2) in base 9?
714
-1211 (base 3) to base 4
-301
1890 (base 15) to base 14
1d14
-122aa (base 12) to base 11
-17543
Convert 20444 (base 5) to base 9.
1786
-4340 (base 7) to base 2
-11000001011
2ae9 (base 15) to base 12
5403
77b2 (base 12) to base 11
9a45
-782 (base 16) to base 6
-12522
What is -11102221 (base 3) in base 12?
-1a5a
34458 (base 10) to base 14
c7b4
Convert -2302233 (base 4) to base 11.
-865a
What is 77d (base 16) in base 15?
87c
-16069 (base 11) to base 9
-34124
What is 4320 (base 5) in base 13?
360
What is 2451 (base 8) in base 13?
7a8
-4295 (base 15) to base 9
-21285
24557 (base 8) to base 11
7a73
Convert 2200 (base 6) to base 7.
1320
111110100000100 (base 2) to base 5
2011004
Convert 1301012 (base 4) to base 7.
30050
What is -144334 (base 7) in base 4?
-12310303
What is -1111101 (base 2) in base 5?
-1000
Convert -336553 (base 7) to base 6.
-1141341
721 (base 12) to base 13
616
What is 20c (base 13) in base 11?
299
Convert -52147 (base 8) to base 6.
-244011
What is -62 (base 10) in base 8?
-76
Convert -12501 (base 7) to base 16.
-d05
Convert -23660 (base 9) to base 2.
-11110111101001
What is 1c95 (base 14) in base 13?
24c1
28a (base 13) to base 12
318
What is 13134 (base 7) in base 6?
24120
11022012 (base 3) to base 13
1574
Convert -14 (base 13) to base 4.
-101
1d5 (base 14) to base 16
17f
Convert bd9 (base 15) to base 6.
20223
Convert -11203202 (base 4) to base 12.
-11202
What is 1317 (base 8) in base 16?
2cf
Convert 20454 (base 6) to base 11.
2099
Convert -1906 (base 14) to base 9.
-6165
Convert -18a5 (base 15) to base 2.
-1010011010010
What is b07 (base 16) in base 10?
2823
-10011000110010111 (base 2) to base 15
-182a6
1655 (base 7) to base 15
302
What is 10221 (base 7) in base 14?
cb8
-2144 (base 5) to base 8
-453
1585 (base 11) to base 10
2029
What is 23733 (base 9) in base 3?
210211010
What is -1558 (base 9) in base 10?
-1187
-1424241 (base 5) to base 3
-1112002010
-1c4 (base 13) to base 5
-2304
10177 (base 8) to base 10
4223
-2675 (base 9) to base 16
-7dc
What is -1000110100110 (base 2) in base 4?
-1012212
Convert -485 (base 13) to base 10.
-785
-88a (base 11) to base 9
-1414
What is -1239 (base 10) in base 13?
-744
Convert 853 (base 11) to base 4.
100002
Convert 1806 (base 11) to base 10.
2305
2762 (base 16) to base 15
2ec2
What is -1705 (base 10) in base 11?
-1310
Convert -a48 (base 12) to base 7.
-4235
Convert 11103032 (base 4) to base 2.
101010011001110
16341 (base 8) to base 11
5611
Convert -10210 (base 3) to base 4.
-1212
What is 322220 (base 4) in base 6?
25212
12452 (base 6) to base 9
2545
What is 403 (base 6) in base 13?
b4
Convert -257 (base 10) to base 8.
-401
-1011200101 (base 3) to base 5
-1214340
What is -1913 (base 14) in base 11?
-3444
445 (base 10) to base 2
110111101
Convert ac6 (base 14) to base 2.
100001010110
What is 41123 (base 5) in base 11?
2001
Convert 10131 (base 5) to base 13.
3c3
-14e (base 15) to base 11
-252
What is -1b12 (base 15) in base 11?
-4454
What is -d62 (base 16) in base 11?
-2635
What is -b12 (base 13) in base 14?
-97c
What is -220 (base 13) in base 16?
-16c
Convert 24537 (base 8) to base 15.
3211
What is 21314 (base 5) in base 2?
10110110011
Convert 41332 (base 5) to base 8.
5235
906 (base 11) to base 10
1095
Convert 41041 (base 9) to base 12.
1376a
Convert -1307 (base 12) to base 11.
-16a0
What is 31633 (base 9) in base 15?
6303
Convert -10330 (base 4) to base 7.
-631
Convert -ad7 (base 16) to base 13.
-1356
50 (base 11) to base 12
47
Convert -1760 (base 8) to base 5.
-13013
What is 2759 (base 14) in base 9?
10460
What is -472 (base 11) in base 6?
-2335
What is -2152 (base 6) in base 2?
-111110100
Convert 74bd (base 14) to base 4.
10322333
Convert 770 (base 11) to base 12.
650
What is -ce (base 16) in base 7?
-413
What is -2001012 (base 3) in base 4?
-113102
Convert 101 (base 5) to base 9.
28
What is -3236 (base 8) in base 10?
-1694
Convert 616 (base 10) to base 8.
1150
Convert -122021 (base 3) to base 8.
-722
5140 (base 7) to base 8
3400
47a47 (base 11) to base 3
10111211211
-1742 (base 12) to base 3
-10211012
Convert -33333 (base 5) to base 15.
-a63
14976 (base 11) to base 3
1001222212
Convert 104 (base 14) to base 5.
1300
10112021220 (base 3) to base 6
1253340
What is 142202 (base 6) in base 5?
412331
331024 (base 5) to base 14
4217
69a (base 13) to base 12
7b1
What is 7635 (base 8) in base 7?
14440
What is 3487 (base 16) in base 8?
32207
What is 21002 (base 8) in base 15?
28a6
What is -104231 (base 5) in base 10?
-3691
What is -7a6 (base 13) in base 5?
-20234
What is -10b0 (base 12) in base 4?
-131010
What is -20112201 (base 3) in base 5?
-123041
What is 404341 (base 5) in base 2?
11001100101000
100302 (base 4) to base 15
4b9
Convert 76324 (base 9) to base 8.
142606
What is -1631 (base 11) in base 8?
-4053
41 (base 10) to base 13
32
What is -1164 (base 7) in base 5?
-3223
Convert -15a05 (base 13) to base 8.
-120431
What is 602 (base 16) in base 2?
11000000010
-130003 (base 5) to base 11
-3839
Convert 3111032 (base 4) to base 16.
354e
-2860 (base 15) to base 5
-234030
-1012100 (base 3) to base 10
-873
Convert 2001022 (base 3) to base 2.
10111010101
-144010 (base 7) to base 12
-140ba
Convert 20282 (base 9) to base 6.
141502
Convert -46132 (base 10) to base 2.
-1011010000110100
Convert -10101000010 (base 2) to base 16.
-542
861 (base 12) to base 7
3400
Convert 2330040 (base 5) to base 7.
234652
Convert 616 (base 16) to base 5.
22213
What is -1226 (base 7) in base 3?
-122002
What is 2326 (base 10) in base 14?
bc2
-716 (base 8) to base 14
-250
Convert 1a30 (base 16) to base 4.
1220300
Convert -26392 (base 10) to base 5.
-1321032
-516 (base 13) to base 5
-11424
-12aa8 (base 13) to base 8
-103737
Convert -1025 (base 6) to base 14.
-129
-220212 (base 3) to base 14
-35d
Convert -13352 (base 9) to base 12.
-5292
What is -51 (base 13) in base 4?
-1002
Convert 6259 (base 14) 